*b - 13 = -3*t. Suppose -t*s = -a*s + 126. What is the units digit of s?
3
Let t be 17/((-4 - -9)/285). Suppose a = 2*j - t, -3*a + 0*a + 981 = 2*j. What is the units digit of j?
6
Let n(v) = 53*v**2 - 349*v - 6856. What is the units digit of n(-20)?
4
Suppose 2*u - 238 - 799 = -a, 0 = 4*u - 20. Suppose -m + 5 = 0, 5*g - 3*m + 853 = -a. Let x = g + 559. What is the units digit of x?
6
Suppose -4*p = 3*q - 11768, 56*p - 11796 = -3*q + 59*p. What is the tens digit of q?
2
Let m = -79 + 84. Suppose -5*x - m*x + x = 0. Suppose x = 2*w, 27 + 409 = 4*s + 3*w. What is the units digit of s?
9
Suppose 69055 = 942*n - 935*n. What is the hundreds digit of n?
8
Let z(l) = l + 6*l + 138 + 2*l - 6*l - 16. What is the hundreds digit of z(26)?
2
Let a = 243 + -197. Let x(t) = 72*t - 1. Let q be x(1). Let l = q - a. What is the tens digit of l?
2
Let d(i) = 1 + 5*i**2 - 20*i + 10*i + 4*i + 50. Let p(b) = 14*b**2 - 17*b + 152. Let f(o) = -11*d(o) + 4*p(o). What is the units digit of f(11)?
6
Suppose 0 = -2*k - 3*k + 160. Suppose -3*a = 5*p - k, -3*a - 2*p + 3*p = -8. Let l(s) = 3*s**3 - 5*s**2 + 2*s - 4. What is the tens digit of l(a)?
1
Let d = -17221 - -27742. What is the hundreds digit of d?
5
What is the ten thousands digit of (-1312349)/(-68) - 24/(-32)?
1
Suppose 2*f = 7*f + 5*p - 40, -p = 0. Suppose n - 4 = -3*v + f, 0 = -4*n + 3*v - 12. Suppose 7*i + 363 - 1063 = n. What is the units digit of i?
0
What is the ten thousands digit of 14 - 12 - (-13432 + -2)?
1
Let h be (0 + 1)/((-15)/9 + 2). Suppose -h*v = -6*v - 3, 4*t - 592 = -4*v. Suppose 174 = w + c, 672 - t = 3*w + 2*c. What is the tens digit of w?
7
Let t be (0 - (-2)/(-4))*(-34566 - 4). Suppose o - 3472 = 2*o + 2*j, 5*o = 5*j - t. What is the hundreds digit of 20/(-130) + o/(-26)?
1
Suppose -2*w + 6*h = -898, -3*w + 99 + 1244 = -5*h. Suppose -4*v - v = -15. Suppose 98 = -v*z + w. What is the hundreds digit of z?
1
Suppose -n + 144329 = 5*a, 0 = 4*n - 17 + 41. What is the thousands digit of a?
8
Suppose l - 5*l + 88 = 0. Let r be 33/l + 49/2. Let m = r - -57. What is the tens digit of m?
8
Let d(v) = 13*v**2 + 27*v + 85. What is the thousands digit of d(-18)?
3
Let t = 134 + -133. What is the units digit of 8/12 + 1182/9*t?
2
Suppose m = 56*j - 53*j + 6807, -3*j = -2*m + 13599. What is the hundreds digit of m?
7
Let t(u) = 1016*u**2 - 22*u + 25. What is the thousands digit of t(1)?
1
Let r(i) = -i**3 + 10*i**2 - 18*i - 17. Let c be r(7). Suppose 5*y = -4*l + 6670, 8*y = c*y - 4*l + 5340. What is the tens digit of y?
3
Suppose -19*c = 2*c - 389991. What is the units digit of c?
1
Suppose -5*x - i + 43 + 2 = 0, 2*i = -4*x + 42. Let g be (-2*(-12)/15)/(x/(-20)). What is the tens digit of (g/(-2))/((-4)/(-158))?
7
Let m be 12*7/(-14)*1/(-2). Suppose 3039 = 3*i + m*j, -5*i - 1209 = 2*j - 6274. What is the tens digit of i?
1
Let b = 40726 - 33819. What is the thousands digit of b?
6
Suppose 0 = -11*s + 7*s - 36. What is the tens digit of (4 - s/(-2))*-262?
3
Suppose t = -t - 96. Let x = 46 + t. What is the tens digit of -2*(1 + x) + 97?
9
Let b(p) = -p**3 + p**2 + 8*p + 15. Let m = 133 - 139. What is the units digit of b(m)?
9
Let s(n) = -n**3 - 20*n**2 + 21*n - 52. Let m = 130 + -153. What is the units digit of s(m)?
2
Suppose -20*x + 21*x - 578 = 0. Let h = x + -451. What is the units digit of h?
7
What is the units digit of (-7013330)/(-295) - (2 - 2 - 6)?
0
Let p = 841 - 350. What is the units digit of p?
1
What is the thousands digit of ((-52085)/(-44))/(2/(-3)*(-72)/192)?
4
Let q(m) = 67*m - 29*m + 9*m**2 - 8 - 35*m + 70*m**3. What is the hundreds digit of q(2)?
5
Suppose -38*u - 32*u = -82*u + 304524. What is the units digit of u?
7
Let k(o) = 3*o + 5. Suppose 360 = 4*v - 2*j, 3*v - 43 - 227 = j. Suppose -v = -4*g - l, 4*l = 2*g + 3*g - 102. What is the tens digit of k(g)?
7
Let b be 308/2*(-5 - -4). Let h = b + 373. What is the units digit of h?
9
What is the thousands digit of -18*-6*5172/144?
3
Suppose -11*f - 11419 + 46144 = -5304. What is the thousands digit of f?
3
Let f(l) = 31*l**2 + 27*l - 10. Let v(y) = y**3 + 5*y**2 - y - 1. Let u be v(-5). What is the tens digit of f(u)?
9
Suppose -87*b - 285 = -1068. What is the units digit of b?
9
What is the units digit of 65576 - (-1 - 1 - -4)*(4 + -2)?
2
Let y(k) = 20*k - 40. Suppose 2*o = -5*x + 34, 3*o - 36 = -2*x - 7. Let n(t) = -10*t + 20. Let q(g) = o*n(g) + 3*y(g). What is the tens digit of q(-8)?
0
Let f = -15999 - -19862. What is the hundreds digit of f?
8
Let f = -29 + 17. Let s(p) = -p**2 - 12*p + 24. Let h be s(f). What is the units digit of 1732/h + 4/(-24)?
2
Suppose -1572 = 9*f + 3*f. Let r = f - -235. What is the units digit of r?
4
Let y = -5751 - -9096. Suppose 2564 + y = 19*v. What is the tens digit of v?
1
Let f(l) = -l**2 - 7*l - 7. Let i be f(-5). Let x be 230/(-1150) - 42/(-10). Suppose 2*u + 152 = 4*q, 0*q + i*q = -x*u + 136. What is the tens digit of q?
4
Suppose z - 5 = 74. Suppose -z*o - 1248 = -92*o. What is the tens digit of o?
9
Let c(a) = -13*a - 61. Let i be c(-5). Suppose -4*p = i*p - 1128. What is the hundreds digit of p?
1
Let w be 10*((-6)/(-2) - (-15)/6). Let j be (4 + -1)/(-1 - 28/(-16)). Suppose 3*b - 322 = -4*z, -2*z - w = j*b - 221. What is the units digit of z?
9
Suppose -2*n - 962 = -4*t, -6*t - 4*n - 964 = -10*t. What is the hundreds digit of t?
2
What is the hundreds digit of ((-14)/(-12) + -1)*210811806/1123?
2
Let j(a) = -2*a**3 - 13*a**2 - 11*a + 28. Let c be j(-10). Suppose -2*b + c = 2*n, -6*n - 1697 = -4*b - 3*n. What is the hundreds digit of b?
4
Let f be -2*(-4 - 117/(-6)). Let t = f - -35. Suppose r = -t, 0 = 5*o - 4*o - 3*r - 96. What is the units digit of o?
4
What is the units digit of 84/(-882) - (454740/(-63) - -3)?
5
Let u be (0 - 6)*278/(-4). Let c = -296 + u. What is the units digit of c?
1
Let y(u) = 654 - 14*u**3 - 235 - 12*u**3 - 2*u + 25*u**3 - u**2 - 5*u. What is the units digit of y(0)?
9
Suppose -125558 = -4*b + 5*q, 20*q = 6*b + 17*q - 188328. What is the ten thousands digit of b?
3
Let a = 1935 + 21. What is the hundreds digit of a?
9
Let c(h) = 173*h**3 + 8*h**2 - 5*h + 2. Let k(b) = 174*b**3 + 9*b**2 - 5*b + 2. Let l(m) = 6*c(m) - 5*k(m). What is the units digit of l(1)?
8
Let p(z) = 6*z**2 - 7*z - 38. Let f(c) = c**2 - 1. Let g(h) = -5*f(h) + p(h). What is the units digit of g(-7)?
5
Let n = 17 + -84. Let k = 169 + 87. Let g = n + k. What is the hundreds digit of g?
1
Let u(t) = t**2 - 39*t + 21622. What is the hundreds digit of u(0)?
6
What is the tens digit of (-42)/63 - 169576/(-33)?
3
Suppose -24 = -4*t - b, -4*b = 8 + 8. Suppose 0 = -3*k - t + 22, 0 = 4*p + 5*k - 1161. What is the units digit of p?
4
Let x(p) = 5*p**3 - 7*p**2 - 8*p - 6. Let g(i) = 15*i**3 - 22*i**2 - 25*i - 18. Let d(s) = 6*g(s) - 17*x(s). What is the units digit of d(7)?
4
Let x = 696 + -325. Suppose -x = -6*t - t. Suppose 0 = r - t - 54. What is the hundreds digit of r?
1
Let o(l) = 899*l + 11650. What is the units digit of o(0)?
0
Let o(d) = 2*d**3 - 18*d**2 - 25*d + 15. Let x be o(11). Suppose -2*j + x = 4*f, -2*j - 5*f + 143 = -84. What is the units digit of j?
6
Let n = -80 + 82. Suppose 2*k - n + 4 = 0, -t - k = -14. What is the units digit of t?
5
Suppose 59597 = 3*g - 4*v, -108799 = -5*g - 2*v - 9436. What is the hundreds digit of g?
8
Let h(j) = 2*j**2 + 16*j - 15. Let a be h(-9). Suppose 3*f - 1042 = a*c - 145, -2*f + 600 = -c. What is the hundreds digit of f?
3
Let o be 9/2*(-144)/(-162). Suppose -1 = 3*z - v - 2, -o*v = -8. What is the units digit of z?
1
Let r(l) = -l**3 - 5*l**2 + 5*l + 5. Let k = 109 + -80. Suppose 6*t = -2*y + t + 11, 2*y - 3*t + k = 0. What is the units digit of r(y)?
8
Let n = -21 - -23. Suppose -4*r + n*b + 3*b - 2 = 0, 3*r = b + 4. What is the tens digit of (1 + 0)*r*76/8?
1
Let b = 103 + -149. Let g = b + 25. What is the tens digit of 6/g - 1337/(-49)?
2
Let i(n) = 28*n + 20*n - 15*n + 16. Let x be i(7). Suppose 5*z - 188 = x. What is the tens digit of z?
8
Suppose 22*l - 46014 = -46666 + 233588. What is the hundreds digit of l?
5
Let o(c) = 3*c**2 + 24*c + 68. Let f be o(-5). Suppose -4398 = -26*h + f*h. What is the tens digit of h?
6
Let g = -13996 + 29882. What is the ten thousands digit of g?
1
What is the thousands digit of 2/((-12)/(-15))*7200264/645?
7
L